 0. What is the highest common divisor of 7 and l?
7
Let l = -13 + 55. Suppose -2*i + 26 + 54 = 0. Let f = 68 - i. Calculate the highest common divisor of l and f.
14
Suppose 11 = 3*d + r - 88, 5*r + 99 = 3*d. Calculate the highest common factor of d and 11.
11
Let i(j) = -j**3 + 2*j**2 - j - 6. Let w be i(0). Let k = w + 22. What is the greatest common divisor of 2 and k?
2
Let f be 1 + -2 + 56/2 + 9. What is the greatest common divisor of f and 12?
12
Let j be (-10)/(-35) - (-152)/7. What is the highest common divisor of j and 44?
22
Suppose -6*o + o + 330 = 0. Suppose 0 = -5*f + 3*f + 88. What is the highest common factor of f and o?
22
Let y(w) = -w + 2. Let k be y(-3). Calculate the greatest common factor of k and 15.
5
Suppose 4*t + y + y - 6 = 0, 5 = t - 3*y. Suppose t*u + 0*u = 190. What is the greatest common divisor of u and 19?
19
Suppose -16 = 2*f + 2*f. Let y be f/((-4)/47) - 3. Let m = -22 + 33. What is the highest common factor of m and y?
11
Let l be (2/7)/((-4)/(-28)). Suppose 4*k - 194 = -o, 3*o - 114 + 12 = -l*k. Suppose 2*j = 5*j - k. What is the highest common factor of j and 24?
8
Let d = -9 - -13. Suppose -2*x + d*x - 36 = -3*h, h + x - 11 = 0. Let j = 2 + 5. Calculate the greatest common divisor of h and j.
7
Let y = -87 - -102. Let j = 30 - 15. Calculate the highest common factor of j and y.
15
Let h(c) = -c**2 + c + 2. Let q be h(2). Suppose q = f + 2*v - 118, -v = -0 + 1. What is the greatest common factor of f and 15?
15
Let s = 10 - 4. Let g = 9 - s. Suppose -4*j = -g - 69. Calculate the greatest common factor of 9 and j.
9
Let o(x) = -x**3 - x**2 + x + 6. Let m be o(0). Let i = 18 - m. What is the greatest common factor of i and 18?
6
Suppose -41 = -4*z - 9. Let l be (6/(-4))/(3/(-16)). What is the greatest common divisor of l and z?
8
Let a(c) = -1 + 34*c + 7 + 1 - 5. Let g be a(2). What is the highest common divisor of 28 and g?
14
Let k be -2*((-21)/6 + -2). Let a = k + -7. What is the greatest common divisor of 36 and a?
4
Let r(z) = 11*z**2 - 2*z + 3. Let x be ((-8)/(-6) - 0)*-3. Let y be r(x). Suppose -5*c - 57 = -142. Calculate the highest common divisor of y and c.
17
Suppose -12 = -f - b, -5*f + 5*b = -f - 30. Calculate the greatest common divisor of f and 25.
5
Let o be (3 + -2 - 14) + 1. Let g = o + 18. Suppose -a + g*a = 10. What is the highest common factor of 1 and a?
1
Let r = 20 + -11. Suppose -4*w - 36 - 8 = 0. Let l = 12 + w. Calculate the greatest common divisor of r and l.
1
Let v(f) = -10*f + 1. Let b be v(-3). Calculate the greatest common divisor of b and 217.
31
Let z be 3/(1*3/(-27)). Let l be -1 + z/(-6)*2. What is the greatest common factor of 12 and l?
4
Let l = 5 - 9. Let b = 12 - l. Calculate the highest common divisor of 24 and b.
8
Suppose -4*p = -2*s - 110, -p - 335 = 5*s + p. Let d = -44 - s. Calculate the greatest common divisor of 3 and d.
3
Let n be (78/15)/(2*6/120). What is the highest common factor of n and 4?
4
Let o(c) = c**3 - 6*c**2 - 6*c - 6. Let t = -6 - -13. Let u be o(t). Calculate the highest common divisor of 3 and u.
1
Let g(r) = r**3 - 9*r**2 + 10*r + 2. Let b be g(7). Let t = 52 + b. What is the greatest common factor of t and 65?
13
Suppose 5*p - g - 54 = 18, 3*p - 40 = -g. Let x = -9 + p. What is the greatest common divisor of 55 and x?
5
Suppose m - 27 = 4*v + 1, 5*m - 56 = -v. Let l(w) = -w**2 - 6*w - 2. Let f be l(-5). Calculate the highest common factor of m and f.
3
Suppose -5*o + 147 = -28. Calculate the highest common factor of o and 385.
35
Let u(i) = 27*i. Let x be u(2). Calculate the greatest common factor of x and 6.
6
Let v be (1 + (-9)/2)*-4. Suppose -2*g + 4*d = v, -5 - 5 = -2*d. Let h = -18 - -27. Calculate the highest common factor of g and h.
3
Suppose -67 - 257 = -4*g. Calculate the greatest common divisor of g and 9.
9
Let a be (-1)/(1/(-35)) + -1. What is the highest common divisor of a and 102?
34
Let n = -1 - -4. Let w be ((-351)/(-6))/n*2. What is the highest common factor of w and 13?
13
Suppose -3*k + 14 = -2*k. Suppose -118 - 78 = -2*a. Calculate the greatest common factor of a and k.
14
Suppose -3*k + 2*c + 14 = 0, -2*c + 0 = 2. Suppose -w - k*d + 30 = 2*w, -3 = -d. Let f be (-3)/(-3) - (1 - 2). Calculate the highest common divisor of w and f.
2
Let r be 3*(-3)/((-9)/2). Let i(z) = -4*z - 6. Let t be i(-6). What is the highest common factor of t and r?
2
Suppose 3*h = -2*h + 35. What is the highest common divisor of h and 56?
7
Suppose -4*z + 20 = -0*r - 3*r, 3*z = 5*r + 26. Suppose -z*b - 24 = -4*b. Let h be 0 + (2 - 0) + 1. What is the highest common divisor of b and h?
3
Suppose 3*q - 4*c - 18 = 0, -9 = -2*q - 4*c - 17. Calculate the greatest common factor of 2 and q.
2
Suppose -u + 2*s - 4 + 2 = 0, 5*u + s = -10. Let g(q) = -2*q - 2. Let c be g(u). Let i be (-16)/(c/16*-2). What is the highest common factor of i and 16?
16
Suppose -16 = -4*r - s, 23 = 2*r + 4*s + 1. Let a = 5 + r. Suppose w - a = -w. What is the highest common factor of 16 and w?
4
Let g = 299 - 51. Calculate the greatest common factor of g and 31.
31
Suppose 0 = -6*k + k + 25. Suppose -f = 3*t - 81, -t - 3*t + k*f + 108 = 0. What is the greatest common divisor of 18 and t?
9
Let t = -8 + 7. Let u = t - -5. Suppose w - u*g - 50 = 0, -g = -3 - 2. What is the greatest common factor of 28 and w?
14
Let f(q) = 5*q - 5. Let m be f(5). Calculate the greatest common factor of 15 and m.
5
Let v = 130 + -53. Calculate the highest common factor of 11 and v.
11
Let s = 81 - 61. Suppose 4*x - 446 = 2*x - 3*k, 0 = 4*x + k - 882. Calculate the greatest common factor of s and x.
20
Let t = -72 + 108. What is the highest common divisor of t and 24?
12
Suppose -3 - 77 = -4*t. What is the greatest common factor of 5 and t?
5
Suppose -1 + 33 = 2*p. Suppose 4*r + 229 - 549 = 0. Suppose l = -l + r. Calculate the greatest common divisor of p and l.
8
Suppose -3*v + 6*v + 12 = 0. Let b be (1 + -6)*(-13 - v). Suppose -7*s + 65 = 3*u - 3*s, -4*u + s = -55. Calculate the highest common divisor of b and u.
15
Let k(s) = s**2 + 8*s - 3. Let v(z) = -8*z**3 + z. Let l be v(1). Let b be k(l). Let u be (702/(-30))/(2/b). Calculate the greatest common divisor of u and 13.
13
Suppose 2 = l + 7. Let y = 0 - l. Suppose 4 = -2*r + y*i - 5, -5*r = -5*i - 15. Calculate the highest common factor of r and 1.
1
Let k(s) be the third derivative of s**6/120 + 26*s**3/3 + 2*s**2. Let m be k(0). Calculate the highest common factor of 13 and m.
13
Suppose 4 + 6 = 2*l. Suppose 28 = 2*f - 3*k - 26, l*k = -4*f + 130. Let x(j) = j**2 + j. Let a be x(3). Calculate the greatest common divisor of f and a.
6
Suppose -18*p + 1260 = -3*p. Calculate the greatest common divisor of p and 12.
12
Let l(g) = 16*g**2 - g - 1. Let v be l(-1). What is the highest common divisor of v and 288?
16
Let b(w) = -w**3 - 2*w**2 - 3*w - 3. Let t be b(-2). Suppose 0 = -t*h + 2*h. Let y = 4 + h. What is the greatest common divisor of y and 44?
4
Let s(h) = -h**3 + 5*h**2 + h - 3. Let f be s(4). Suppose 6*n - 21 = 3*n - y, n - f = 3*y. What is the highest common factor of n and 72?
8
Let a be (-1 - -3) + 1 + 2. Suppose 4*k - 51 = -5*t, 0*t - a*k + 17 = 2*t. What is the greatest common factor of 88 and t?
11
Suppose -3*r - 3 = -60. What is the highest common factor of r and 133?
19
Suppose 0 = -2*p + 7*p - 50. What is the greatest common factor of 15 and p?
5
Suppose -5*z = -10 - 40. Let j = 38 + z. Calculate the highest common divisor of j and 12.
12
Let w = 8 - -13. What is the highest common divisor of 63 and w?
21
Let n = -7 + 2. Let s(t) = t**2 - 2*t - 4. Let b be s(4). Let z be (-108)/n + b/10. Calculate the highest common factor of z and 11.
11
Let q(r) = -r**3 - 4*r**2 + 8*r + 15. Suppose -24 = -2*d + 6*d. Let b be q(d). Calculate the highest common divisor of 26 and b.
13
Let w be -2*22/4 - 1. Let f = 52 + w. Calculate the greatest common factor of 4 and f.
4
Suppose -2*h + 2*w = 234, 5*h + 535 = -0*h - 5*w. Let i = -56 - h. Calculate the highest common factor of i and 7.
7
Suppose 4*l + 3*b + 3 - 28 = 0, 2*b = -5*l + 26. Let a = l + -2. Suppose -a*f - 20 - 22 = -3*z, -3*f - 14 = -z. Calculate the highest common factor of z and 7.
7
Suppose 5*l + 6 = -5*w - 9, -4 = w. Let g(q) be the first derivative of -q**3/3 + 3*q**2 - 1. L